rime factors of 6796?
2, 1699
What are the prime factors of 6772?
2, 1693
List the prime factors of 547.
547
What are the prime factors of 73174?
2, 36587
List the prime factors of 3340.
2, 5, 167
What are the prime factors of 484?
2, 11
List the prime factors of 7538.
2, 3769
List the prime factors of 915.
3, 5, 61
What are the prime factors of 6122?
2, 3061
What are the prime factors of 105098?
2, 7, 7507
What are the prime factors of 105755?
5, 13, 1627
What are the prime factors of 1013?
1013
What are the prime factors of 130006?
2, 65003
What are the prime factors of 38257?
67, 571
What are the prime factors of 23311?
23311
What are the prime factors of 107?
107
List the prime factors of 18209.
131, 139
List the prime factors of 153964.
2, 61, 631
List the prime factors of 3407.
3407
What are the prime factors of 1009?
1009
What are the prime factors of 1863?
3, 23
List the prime factors of 1333.
31, 43
List the prime factors of 640.
2, 5
List the prime factors of 2463.
3, 821
What are the prime factors of 238?
2, 7, 17
List the prime factors of 4113.
3, 457
List the prime factors of 354.
2, 3, 59
List the prime factors of 901.
17, 53
List the prime factors of 6783.
3, 7, 17, 19
List the prime factors of 2357.
2357
List the prime factors of 2303.
7, 47
What are the prime factors of 6071?
13, 467
List the prime factors of 11252.
2, 29, 97
What are the prime factors of 27106?
2, 13553
List the prime factors of 8730.
2, 3, 5, 97
List the prime factors of 3355.
5, 11, 61
What are the prime factors of 820?
2, 5, 41
What are the prime factors of 1121?
19, 59
What are the prime factors of 25312?
2, 7, 113
List the prime factors of 8896.
2, 139
What are the prime factors of 20586?
2, 3, 47, 73
List the prime factors of 3582.
2, 3, 199
List the prime factors of 14064.
2, 3, 293
What are the prime factors of 6529?
6529
List the prime factors of 39915.
3, 5, 887
What are the prime factors of 2246?
2, 1123
List the prime factors of 10202.
2, 5101
What are the prime factors of 823?
823
List the prime factors of 24377.
19, 1283
What are the prime factors of 96?
2, 3
List the prime factors of 932.
2, 233
List the prime factors of 1729.
7, 13, 19
What are the prime factors of 20690?
2, 5, 2069
List the prime factors of 108530.
2, 5, 10853
What are the prime factors of 164?
2, 41
What are the prime factors of 5668?
2, 13, 109
List the prime factors of 4371.
3, 31, 47
What are the prime factors of 11774?
2, 7, 29
List the prime factors of 11519.
11519
List the prime factors of 1085.
5, 7, 31
What are the prime factors of 2008?
2, 251
List the prime factors of 24712.
2, 3089
List the prime factors of 14435.
5, 2887
List the prime factors of 966.
2, 3, 7, 23
List the prime factors of 5217.
3, 37, 47
List the prime factors of 4321.
29, 149
What are the prime factors of 6723?
3, 83
List the prime factors of 10032.
2, 3, 11, 19
List the prime factors of 238.
2, 7, 17
List the prime factors of 11937.
3, 23, 173
What are the prime factors of 5795?
5, 19, 61
What are the prime factors of 6905?
5, 1381
List the prime factors of 12778.
2, 6389
What are the prime factors of 8895?
3, 5, 593
List the prime factors of 98093.
233, 421
What are the prime factors of 147?
3, 7
What are the prime factors of 65742?
2, 3, 10957
List the prime factors of 3732.
2, 3, 311
What are the prime factors of 20427?
3, 11, 619
What are the prime factors of 843?
3, 281
List the prime factors of 9559.
11, 79
List the prime factors of 8954.
2, 11, 37
What are the prime factors of 92126?
2, 73, 631
What are the prime factors of 38673?
3, 4297
What are the prime factors of 1294?
2, 647
List the prime factors of 56775.
3, 5, 757
List the prime factors of 619.
619
List the prime factors of 27710.
2, 5, 17, 163
What are the prime factors of 47350?
2, 5, 947
What are the prime factors of 7985?
5, 1597
List the prime factors of 8548.
2, 2137
What are the prime factors of 4610?
2, 5, 461
What are the prime factors of 8815?
5, 41, 43
List the prime factors of 242.
2, 11
What are the prime factors of 12319?
97, 127
List the prime factors of 5196.
2, 3, 433
What are the prime factors of 10788?
2, 3, 29, 31
List the prime factors of 80368.
2, 5023
What are the prime factors of 11896?
2, 1487
List the prime factors of 5647.
5647
What are the prime factors of 23479?
53, 443
What are the prime factors of 249?
3, 83
List the prime factors of 89135.
5, 17827
List the prime factors of 1992.
2, 3, 83
List the prime factors of 12888.
2, 3, 179
List the prime factors of 28519.
19, 79
List the prime factors of 2986.
2, 1493
List the prime factors of 653.
653
What are the prime factors of 8630?
2, 5, 863
What are the prime factors of 32704?
2, 7, 73
What are the prime factors of 874?
2, 19, 23
List the prime factors of 54846.
2, 3, 11, 277
What are the prime factors of 6540?
2, 3, 5, 109
What are the prime factors of 3740?
2, 5, 11, 17
List the prime factors of 1502.
2, 751
What are the prime factors of 21048?
2, 3, 877
List the prime factors of 8468.
2, 29, 73
List the prime factors of 1153.
1153
What are the prime factors of 34288?
2, 2143
List the prime factors of 25011.
3, 7, 397
What are the prime factors of 242?
2, 11
List the prime factors of 4064.
2, 127
What are the prime factors of 91501?
37, 2473
List the prime factors of 249.
3, 83
List the prime factors of 2707.
2707
What are the prime factors of 21068?
2, 23, 229
What are the prime factors of 144997?
61, 2377
List the prime factors of 25144.
2, 7, 449
List the prime factors of 4163.
23, 181
What are the prime factors of 123556?
2, 17, 23, 79
List the prime factors of 108480.
2, 3, 5, 113
What are the prime factors of 8497?
29, 293
What are the prime factors of 2158?
2, 13, 83
List the prime factors of 17904.
2, 3, 373
List the prime factors of 39135.
3, 5, 2609
List the prime factors of 24284.
2, 13, 467
What are the prime factors of 1108?
2, 277
What are the prime factors of 3467?
3467
List the prime factors of 47837.
47837
What are the prime factors of 2708?
2, 677
What are the prime factors of 88824?
2, 3, 3701
What are the prime factors of 12300?
2, 3, 5, 41
What are the prime factors of 19930?
2, 5, 1993
List the prime factors of 73094.
2, 7, 23, 227
What are the prime factors of 50444?
2, 12611
List the prime factors of 13601.
7, 29, 67
What are the prime factors of 60508?
2, 7, 2161
What are the prime factors of 96599?
29, 3331
What are the prime factors of 9052?
2, 31, 73
List the prime factors of 21928.
2, 2741
List the prime factors of 765.
3, 5, 17
List the prime factors of 3134.
2, 1567
List the prime factors of 61552.
2, 3847
List the prime factors of 10509.
3, 31, 113
What are the prime factors of 179988?
2, 3, 53, 283
What are the prime factors of 486?
2, 3
List the prime factors of 6558.
2, 3, 1093
List the prime factors of 164805.
3, 5, 10987
What are the prime factors of 609?
3, 7, 29
What are the prime factors of 21431?
29, 739
What are the prime factors of 19951?
71, 281
What are the prime factors of 67842?
2, 3, 3769
What are the prime factors of 6713?
7, 137
List the prime factors of 51601.
11, 4691
List the prime factors of 2085.
3, 5, 139
What are the prime factors of 63776?
2, 1993
List the prime factors of 7725.
3, 5, 103
List the prime factors of 693.
3, 7, 11
What are the prime factors of 2473?
2473
What are the prime factors of 156?
2, 3, 13
What are the prime factors of 1402?
2, 701
List the prime factors of 8017.
8017
List the prime factors of 15253.
7, 2179
What are the prime factors of 62703?
3, 6967
What are the prime factors of 120997?
120997
List the prime factors of 2621.
2621
What are the prime factors of 7283?
7283
List the prime factors of 803.
11, 73
What are the prime factors of 2523?
3, 29
What are the prime factors of 3466?
2, 1733
What are the prime factors of 1485?
3, 5, 11
List the prime factors of 900.
2, 3, 5
List the prime factors of 6048.
2, 3, 7
What are the prime factors of 47880?
2, 3, 5, 7, 19
List the prime factors of 299.
13, 23
What are the prime factors of 991?
991
List the prime factors of 413.
7, 59
What are the prime factors of 2060?
2, 5, 103
List the prime factors of 7800.
2, 3, 5, 13
List the prime factors of 46911.
3, 19, 823
What are the prime factors of 74410?
2, 5, 7, 1063
Wha